s (6 - -2) + 12 + -3 + -7?
10
Calculate -18 + -1 + (-43 - -34).
-28
What is the value of -11 + (-1 - -9) + -7?
-10
Evaluate 1 - -19 - (15 + -36 - -28).
13
What is the value of -24 - (2 + -24) - -10?
8
What is -3 + (-1 - -7) - (10 - (13 - 4))?
2
What is -31 + 44 + 10 + 1?
24
Calculate (-2 + -1 - 5) + -6 + -6 + 10.
-10
What is the value of (-34 + 22 - -19 - (0 - -26)) + 12?
-7
What is the value of -9 + 4 + (-11 - -19) + -5?
-2
Evaluate 1 + 0 + (116 - 102).
15
Calculate (13 + -9 + 3 - 3) + -3.
1
(48 - 44) + (0 - -2) - (-7 + 25)
-12
What is 5 + (-28 - (3 - 23))?
-3
What is (-14 - 0) + 51 + -46 + 9?
0
What is the value of 74 + -97 + -13 + 24?
-12
Evaluate (6 - 2 - 6) + 17 + -2.
13
What is the value of 29 + -18 + (6 - 5)?
12
What is the value of -21 - (7 + -4) - (2 + -2) - -7?
-17
Evaluate -2 - (-3 + (-14 - (-1 - 9))) - -19.
24
What is 3 + (14 - 7) - (3 + (4 - 4))?
7
Evaluate (331 - 330) + -1 + (-1 + 0 - -9).
8
What is the value of -4 + 3 + -6 + 4 - -3 - -7?
7
What is the value of -6 + 1 + (-2 - 0) + (32 - 5)?
20
What is 16 + 3 - (3 - -4)?
12
What is the value of 15 + 0 + (-32 - (9 - 39))?
13
Calculate 839 + -843 - (-40 + 3 + -1).
34
What is the value of -7 - 5 - (14 + -8 - 4 - -7)?
-21
12 + (8 - 9) + -21 - (-2 - -3)
-11
4 - (-4 - -4 - (5 - 7))
2
Evaluate -7 + (11 - (2 - 1)) - -4.
7
Evaluate (-259 - -274) + (-3 - 1).
11
(2 - 8) + (-10 - (-10 - (-11 + 6)))
-11
Calculate 5 + (-29 - (-53 + 28)).
1
-32 + 12 + -32 + 82
30
Calculate (-14 + 5 - (-9 + 3)) + 6 + 18.
21
27 + (2 - 9) + (5 - 1)
24
Calculate (-1 - 42) + 379 + -307.
29
What is -1 - ((5 - 3) + -9)?
6
Evaluate 2 + (-4 - 3) + 17 + 2 + -2.
12
-48 + 1 + 23 - -17
-7
What is 1 + 1 + -11 + 3 + 8?
2
What is the value of 1 + 4 + -13 - (-16 + 31 + -5)?
-18
What is -13 - (-14 + -9 + 18) - (15 - 0)?
-23
What is -27 - (-8 - (-19 - -26))?
-12
What is the value of (-11 + 6 + 12 - -6) + -6 + 1?
8
What is 3 + 2 - (-3 + 17)?
-9
What is -10 + (11 - 4 - (16 - 7))?
-12
Calculate -12 + 26 - (-25 - -56).
-17
Calculate -5 + -2 + (5 - 10).
-12
-15 + 6 + -6 - -11
-4
-4 + -6 + 42 + -22
10
What is the value of -9 + 3 + 2 + (-2 - 1) - 6?
-13
Calculate 206 - 197 - ((1 - 2) + 7).
3
-1 + -3 + 20 - -1 - -2
19
What is 0 + 24 + 0 + -8 + (-85 - -95)?
26
What is 62 - (-36 + 38 - -29)?
31
What is -25 + (-18 - (-2 + -22))?
-19
Calculate -4 - (3 + 2 - (20 + -15) - 1).
-3
What is 11 - (28 - 17) - (0 - -13 - 0)?
-13
Calculate -10 + (-14 + 10 - -23) + -7.
2
Calculate (2 + 0 - -5) + (-13 - -7) + 0.
1
(-16 - (3 - -4)) + 0 + 9
-14
What is -1 - 4 - (-40 - -25 - (-11 + -3))?
-4
What is -14 + -13 + 10 - -4 - -29?
16
Calculate 0 - (44 + -1 - ((-44 - -41) + 13)).
-33
What is the value of -1 + (2 - (-19 + 15))?
5
Calculate -46 - -34 - (-22 - 0).
10
23 + -3 + 1 + 16 + -26
11
What is -5 + (-7 + 4 - 4)?
-12
Evaluate 2 - 8 - (-195 + 200).
-11
What is (-9 - (-7 - -3)) + (-8 - -25) + 1?
13
Evaluate -13 - (-6 + -9 + -7).
9
Evaluate 0 + -14 + 7 + 0 + -7.
-14
Calculate -1 + -9 + (54 - 4) + -39.
1
6 + -5 - (-8 + 11 + -20)
18
Evaluate 8 - (-9 - (-9 + (5 - 6))).
7
Calculate -6 - (35 - (-7 - -32)).
-16
What is -4 - (-39 - -32 - (-3 - (0 - -2)))?
-2
Calculate 38 + -36 - (-6 - (1 + -29)).
-20
What is 28 + -42 + 17 - (1 + 25)?
-23
10 + -9 + -14 - 1
-14
What is 7 - 4 - 2 - (23 + -16)?
-6
Evaluate 24 - (12 - 3) - (0 - -6).
9
What is -16 - (-5 + 2) - (5 - (5 - -6))?
-7
Evaluate (2 + 1 - (5 + 4)) + (273 - 278).
-11
Evaluate 126 + -104 + (-4 - 5 - -2).
15
What is ((1 - 8) + (47 - 38) - 2) + 1?
1
Calculate 13 + -4 - (11 + -32).
30
Calculate 13 + -52 + (73 - 47).
-13
What is the value of 4 + -8 - 4 - (0 - 15)?
7
What is -12 - (-1 - 22 - -1)?
10
Evaluate 15 - ((9 - 5) + 8).
3
Calculate 86 + -55 - (-16 + 27).
20
Evaluate 45 - 35 - (-9 - -24).
-5
Evaluate 3 + -1 - (-4 + (-2 - 2)).
10
Evaluate (-10 + 29 - 10) + -19.
-10
What is the value of (-17 + 9 - -7 - 8) + 11?
2
Evaluate -8 + (-3 - (0 - 1)) + 7 - 17.
-20
-3 - (12 + (2 + 0 - (-19 - -27)))
-9
Calculate (6 + 13 - 15) + -1 + 10 + 1.
14
What is -9 - (-9 - 3) - (2 + -2)?
3
Evaluate -3 - (7 + -8 + 4).
-6
What is (-202 - -219) + (0 - -5)?
22
1 + 4 - (4 - (1 + 1))
3
Evaluate 6 - (41 - 38 - (14 - 1)) - 5.
11
Calculate -11 + (0 + 10 - -1) + 71 + -40.
31
What is the value of 24 - (-165 - -155 - (-19 - 0))?
15
What is -1 + -9 + (15 + (-9 - 2) - 19)?
-25
What is the value of -2 - (-15 - (-26 + (-11 - -12)))?
-12
Calculate 14 + -2 - (67 + -48).
-7
What is the value of 1 - (12 + -18 - 2)?
9
What is 7 + -14 + (22 - 1)?
14
What is 23 + -28 - (1 - 3) - -3?
0
What is the value of (-18 - -5) + 2 + (7 - 24)?
-28
What is 10 + -18 + (-10 - -19) - (4 - -1)?
-4
Calculate -2 + 1 + 8 - (657 + -643).
-7
13 + -64 + 44 - (-1 + 0 + 14)
-20
What is the value of -44 + (16 - -23 - 25)?
-30
What is the value of 12 + 2 - (13 - (28 + -17))?
12
-11 + 5 + 18 - 5 - (1 - -17)
-11
Evaluate 18 + (-11 - 20) - -34.
21
What is the value of 3 + (11 - (-11 + 16 - (-3 - -1)))?
7
-3 + 30 + (-75 - -76 - (-5 - -1))
32
Evaluate 9 - (2 - (-1 + 5) - -14).
-3
What is -8 + 1 + -488 + 486?
-9
Evaluate 12 + (-1 - -2) - (-13 + 57 + -47).
16
Calculate 4 + 16 + -19 + -7.
-6
Calculate -2 + 11 + -6 - (0 + (5 - -13)).
-15
Calculate (-98 - -93) + -10 + (19 - 0).
4
Calculate -2 + -10 + 1 + 3.
-8
What is -406 + 412 + 24 + (1 - (3 - 6))?
34
Evaluate (-33 + 4 - -3) + (-17 - (-13 + 3)).
-33
4 + 18 - (85 - 44)
-19
What is the value of (-10 - (-11 - -5)) + 12?
8
What is the value of (-3 - 2 - -4) + (-8 - (-8 + 6))?
-7
(5 - (-6 + 48)) + 34 + -32
-35
What is the value of 711 - 686 - (9 + -1)?
17
Calculate (1 - (-4 - -4)) + -6 + 9 + 3.
7
Calculate (0 + -14 - 4) + (-4 - -7 - 2).
-17
Calculate 0 + (3 - 1) + -18 + (-35 - -73).
22
Calculate (-51 + 23 - -35) + (-16 - 1).
-10
Evaluate (-7 - 2) + (-14 - (-3 + -51)) + 6.
37
What is the value of 11 - -1 - 11 - (8 + -5 + 3)?
-5
What is (3 + 0 - 8 - -3) + (-6 - 0)?
-8
Calculate 851 - 830 - (2 + -1 - 1).
21
What is (9 - -7) + -16 + (2 - 8)?
-6
What is the value of (21 - 18) + -2 - (3 + -1 + -8)?
7
What is the value of 17 + -27 + (-12 - -31) - (3 - -1)?
5
Evaluate 7 + (-2 - 5) + -2.
-2
What is the value of -24 + (21 - -3) - (-4 + 15 + 3)?
-14
What is the value of (-2 - 1 - (-25 - -35)) + 2?
-11
What is 3 - (9 - (5 - -3))?
2
Calculate 1 + 1 + 13 + -11 - 1 - 6.
-3
What is the value of 15 + (19 - 9 - 56)?
-31
What is -10 + (16 - 10) - -16?
12
Evaluate -3 + 16 + 10 - 35.
-12
What is the value of (-15 - (-5 - 12)) + -10?
-8
-17 + -10 + (3 - -3 - 4)
-25
Calculate 74 - (36 + -28 + 31).
35
3 - (-8 + -3 + (14 - 5))
5
-6 + (-1 - -4 - (-193 + 190))
0
Evaluate -126 - -81 - (-9 - 1).
-35
What is the value of -24 + (0 - -1) - (-14 - (-5 + -10))?
-24
Calculate -2 + (-11 - 0) + (-14 - -17).
-10
Calculate 7 - ((-1 - -6 - 6) + -4 - 0).
12
Evaluate -13 + 9 - 0 - -2 - (12 + 0).
-14
What is (11 - 0) + (-50 - -23)?
-16
What is the value of 11 + -2 + (-9 - (4 - 35)) + -3?
28
Evaluate -8 - (1 - (6 + -8 + 9 - 16)).
-18
What is the value of (7 - 5) + 9 + -1 + 7 + 6?
23
What is -15 - (-1 - ((-12 - (-4 + -3)) + 11))?
-8
What is the value of (9 + -5 - 8) + (-1 - -17)?
12
Calculate (3 + -9 - -9 - 13) + (4 - 0).
-6
Evaluate -1 + 42 + (-614 - -591).
18
-1 - (8 - (-5 + 10 + 3))
-1
What is the value of 9 + -5 - 0 - 13?
-9
Evaluate 23 + -33 + (-11 - (-2 - 5)).
-14
Calculate (-832 - -821) + 2 + (3 - 2).
-8
Evaluate 9 - 6 - (-81 + 81).
3
Calculate -9 - (-27 - (-24 + (7 - 1) + 9)).
9
Evaluate -1 - (-1 + -1 + (3 - -5) - -11).
-18
What is (16 + -25 - -36) + -63?
-36
What is the value of -9 + 362 + -344 + 0 + -3?
6
Calculate 0 - -32 - (-13 - (-5 + -1) - -7).
32
What is the value of 23 + (-9 - -19) + -4 + -3?
26
What is 0 + -3 - (1 - (-27 - -9 - -12))?
-10
18 + (-43 - (-21 + 6))
-10
Calculate (13 - -14) + (-29 - -6).
4
4 - (-6 + 7) - (1 - (-2 - -6))
6
What is the value of (18 - 14) + -8 - (4 + -15)?
7
What is the value of -31 + -4 + 14 + 0?
-21
5 + 11 + (-3 - (-5 + 3) - 2)
13
Evaluate (-49 - 1) + (206 - 177).
-21
Evaluate 7 - -14 - 19 - (-23 + 3).
22
(7 - (3 + -6 + 15) - -4) + 17
16
Evaluate -11 + -2 + 1 - (28 - (-18 - -48)).
-10
Evaluate (-6 - 2 - -2) + 4 + 0 + 3.
1
(19 + -17 - 12) + -4 + -7
-21
Evaluate (16 - 6) + -2 + (-2 - 0) + -7.
-1
What is the value of (-10 - (-14 + 0)) + 4 + (3 - 4)?
7
Evaluate (-65 + 29 - -11) + 24.
-1
Evaluate -8 + -1 - (-29 + -2 - -16).
6
-11 - (2 + 1 - (8 + 9))
3
Ev